rime factors of 195501631?
13, 1093, 13759
List the prime factors of 50932821.
3, 277, 61291
What are the prime factors of 443805640?
2, 5, 709, 15649
List the prime factors of 147775497.
3, 251, 443
List the prime factors of 600306208.
2, 18759569
What are the prime factors of 27741654?
2, 3, 17, 90659
What are the prime factors of 360232851?
3, 11, 37, 26821
List the prime factors of 2822248315.
5, 19, 1951, 15227
What are the prime factors of 89090863?
17, 5240639
List the prime factors of 51429333.
3, 19, 43, 20983
What are the prime factors of 99563592?
2, 3, 4148483
What are the prime factors of 38763436?
2, 251, 38609
List the prime factors of 4977322162.
2, 79, 193, 163223
What are the prime factors of 566204485?
5, 7, 11, 101, 14561
List the prime factors of 2912581677.
3, 8093, 119963
What are the prime factors of 219461416?
2, 27432677
List the prime factors of 2084065180.
2, 5, 104203259
List the prime factors of 95516549.
31, 47, 65557
What are the prime factors of 7206659911?
11, 97, 271, 24923
What are the prime factors of 758596442?
2, 23, 29, 103, 5521
List the prime factors of 193632141.
3, 277, 389, 599
What are the prime factors of 8626811857?
17, 507459521
What are the prime factors of 37318041?
3, 29, 142981
What are the prime factors of 4850112802?
2, 83, 29217547
What are the prime factors of 1385795789?
7, 197970827
What are the prime factors of 1653274820?
2, 5, 17, 47, 307, 337
What are the prime factors of 4303645833?
3, 1434548611
What are the prime factors of 62186437?
53, 73, 16073
List the prime factors of 1293658396.
2, 19, 31, 549091
What are the prime factors of 617100?
2, 3, 5, 11, 17
List the prime factors of 244643567.
7, 34949081
List the prime factors of 23696055.
3, 5, 109, 4831
What are the prime factors of 120712983?
3, 40237661
What are the prime factors of 252328475?
5, 7, 1441877
List the prime factors of 169547597.
157, 241, 4481
List the prime factors of 266647399.
31, 53, 162293
What are the prime factors of 4037789270?
2, 5, 47, 8591041
What are the prime factors of 9232647?
3, 37, 83177
What are the prime factors of 580368560?
2, 5, 631, 11497
List the prime factors of 48914726.
2, 7, 3493909
List the prime factors of 16483686.
2, 3, 23, 119447
What are the prime factors of 124492966?
2, 13, 2011, 2381
List the prime factors of 1562758.
2, 23, 53, 641
List the prime factors of 2953494618.
2, 3, 29, 16974107
List the prime factors of 2969642426.
2, 139, 10682167
List the prime factors of 104345061.
3, 34781687
List the prime factors of 61975736.
2, 7746967
What are the prime factors of 110806244?
2, 3967, 6983
What are the prime factors of 235341093?
3, 13, 1259, 4793
What are the prime factors of 1051176973?
7, 11, 1241059
List the prime factors of 41547532.
2, 13, 769, 1039
What are the prime factors of 8340261?
3, 41, 67807
What are the prime factors of 737727432?
2, 3, 13, 41, 101, 571
What are the prime factors of 2112003668?
2, 13331, 39607
List the prime factors of 51232956.
2, 3, 31, 137723
List the prime factors of 137078689.
11, 23, 239, 2267
What are the prime factors of 1101514939?
7, 4481, 35117
List the prime factors of 581070253.
401, 443, 3271
What are the prime factors of 21695605?
5, 67, 64763
List the prime factors of 831239726.
2, 415619863
List the prime factors of 5605435035.
3, 5, 31, 1339411
What are the prime factors of 569849998?
2, 31, 379, 24251
What are the prime factors of 104562511?
104562511
What are the prime factors of 5553949?
5553949
List the prime factors of 379278811.
241, 1573771
List the prime factors of 921931030.
2, 5, 101, 769, 1187
List the prime factors of 70469288.
2, 839, 10499
List the prime factors of 63302304.
2, 3, 13, 50723
What are the prime factors of 544219669?
7, 109, 149, 4787
List the prime factors of 764254589.
7, 251, 434977
What are the prime factors of 16460108?
2, 7, 443, 1327
What are the prime factors of 66384052?
2, 7, 109, 21751
What are the prime factors of 68684783?
1873, 36671
What are the prime factors of 14539826?
2, 7, 19, 47, 1163
What are the prime factors of 665608089?
3, 17, 13051139
List the prime factors of 5879118619.
11, 17, 23, 80407
What are the prime factors of 69074559?
3, 2558317
List the prime factors of 1877605525.
5, 75104221
List the prime factors of 140751040.
2, 5, 43, 53, 193
What are the prime factors of 3195937116?
2, 3, 109, 167, 4877
What are the prime factors of 28236999?
3, 7, 1087, 1237
List the prime factors of 208096706.
2, 104048353
List the prime factors of 1691103109.
1691103109
What are the prime factors of 45329905?
5, 17, 31, 17203
What are the prime factors of 60941668?
2, 17, 896201
List the prime factors of 119277004.
2, 7, 11, 387263
List the prime factors of 392576491.
392576491
List the prime factors of 3534063831.
3, 101, 1295953
What are the prime factors of 1811812802?
2, 431, 2101871
What are the prime factors of 8652950?
2, 5, 173059
List the prime factors of 12896761.
17, 758633
List the prime factors of 4504973994.
2, 3, 250276333
List the prime factors of 125395700.
2, 5, 349, 3593
List the prime factors of 4533231691.
3343, 1356037
What are the prime factors of 146507961?
3, 811, 60217
List the prime factors of 1710158190.
2, 3, 5, 13, 4385021
What are the prime factors of 2703273078?
2, 3, 11, 40958683
What are the prime factors of 816449910?
2, 3, 5, 27214997
List the prime factors of 330199791.
3, 110066597
What are the prime factors of 18102199?
127, 142537
What are the prime factors of 857345760?
2, 3, 5, 595379
What are the prime factors of 6215602923?
3, 101, 6837847
List the prime factors of 3112169677.
43, 677, 106907
List the prime factors of 1974915263.
23, 85865881
List the prime factors of 79717307.
79717307
List the prime factors of 558566380.
2, 5, 27928319
What are the prime factors of 135186948?
2, 3, 13, 73, 1319
What are the prime factors of 12049846?
2, 6024923
List the prime factors of 838998044.
2, 9551, 21961
What are the prime factors of 5435800669?
13, 32164501
What are the prime factors of 127949804?
2, 31987451
List the prime factors of 3703666044.
2, 3, 13, 521, 45569
What are the prime factors of 1016379178?
2, 113, 1699, 2647
List the prime factors of 6943896491.
7, 31, 857, 37339
List the prime factors of 65348126.
2, 113, 289151
What are the prime factors of 128451402?
2, 3, 809, 8821
List the prime factors of 2000226083.
19, 59, 1213, 1471
List the prime factors of 1963564.
2, 490891
What are the prime factors of 1571762599?
11, 142887509
What are the prime factors of 28567601?
73, 391337
List the prime factors of 236968769.
97, 2442977
What are the prime factors of 1733440836?
2, 3, 17, 8497259
What are the prime factors of 1147838933?
73, 149, 105529
What are the prime factors of 6113310904?
2, 41, 1151, 16193
What are the prime factors of 969174155?
5, 193834831
What are the prime factors of 100680689?
2393, 42073
List the prime factors of 197728176.
2, 3, 509, 8093
What are the prime factors of 49742580?
2, 3, 5, 409, 2027
What are the prime factors of 1692132096?
2, 3, 19, 115963
What are the prime factors of 522477957?
3, 1321, 131839
List the prime factors of 128989833.
3, 7, 6142373
List the prime factors of 2008922353.
677, 2967389
List the prime factors of 112594371.
3, 67, 560171
List the prime factors of 606906847.
5381, 112787
List the prime factors of 34146013.
11, 17, 182599
What are the prime factors of 2513755711?
17, 59, 109, 22993
What are the prime factors of 2674313751?
3, 891437917
What are the prime factors of 18915210?
2, 3, 5, 210169
What are the prime factors of 466108070?
2, 5, 337, 138311
What are the prime factors of 106757553?
3, 7, 5083693
List the prime factors of 66613960.
2, 5, 7, 73, 3259
List the prime factors of 42323166.
2, 3, 17, 138311
List the prime factors of 1186871095.
5, 237374219
List the prime factors of 3440666569.
1787, 1925387
What are the prime factors of 47269151?
47269151
What are the prime factors of 3543845471?
22291, 158981
List the prime factors of 566396454.
2, 3, 13, 113, 179, 359
List the prime factors of 282736557.
3, 31415173
List the prime factors of 106282175.
5, 317, 13411
List the prime factors of 2276033.
41, 43, 1291
List the prime factors of 825687095.
5, 163, 823, 123